ommon divisor of 26 and u?
13
Suppose 0*o = 4*o + 12, 0 = m + 5*o + 8. Let t be 0/1 - (-1 + -1). Suppose t*q - f - m = -4*f, q + 3*f = -4. What is the highest common divisor of q and 55?
11
Suppose 3*r = -2*r + 90. Let v be ((-12)/r)/((-1)/3). Calculate the greatest common factor of v and 10.
2
Let f be (40/(-1))/(-6 + 4). Let s = 22 - f. Calculate the greatest common divisor of 5 and s.
1
Let h be 60/(-14) + (-4)/(-14). Let t = -17 - -24. Let l = h + t. Calculate the greatest common factor of 3 and l.
3
Let r be -2 - 3*(-56)/12. Let a(x) = -x**2 + 12*x + 12. Let z be a(r). Let v = 5 - -43. What is the greatest common factor of v and z?
12
Suppose -s - 48 = 2*s. Let r be 1 - (0 + s)/2. Calculate the highest common factor of 99 and r.
9
Suppose -4*k + 14 = -22. Let q(a) = -4*a - 1. Let g be q(-4). Suppose -4*n + g = 3*b, b - 7 = -2*n - 0*n. Calculate the greatest common divisor of k and b.
1
Let m be (-760)/(-60)*(-6)/(-4). What is the highest common factor of 323 and m?
19
Let u be (1/(-3)*0)/(-2). Suppose 2*h - 44 = -u*w - w, -161 = -4*w - 3*h. Let t = 294 - 199. What is the greatest common divisor of w and t?
19
Suppose 32 + 67 = 3*h. Let y(z) = 4*z + 2. Let d be y(5). Calculate the greatest common factor of h and d.
11
Let x = -1 - -3. Suppose 20 = 4*k, -4*k = -7*b + 3*b + 44. Calculate the highest common divisor of x and b.
2
Let r be (7/(-2) - -4) + 73/2. Calculate the greatest common divisor of r and 407.
37
Suppose 2*p + 575 = 3*i, 0 = i + 2*i + 4*p - 605. What is the greatest common factor of i and 15?
15
Suppose 3*a - 111 = 15. Let x = -9 - -15. Calculate the highest common divisor of a and x.
6
Suppose 56 = 2*p - 2*x, 2*p + 4*x - 35 = 9. Let n = 119 + -54. Suppose 4*h + h = n. Calculate the highest common divisor of p and h.
13
Let i(v) = v**3 - 12*v**2 + 13*v + 9. Let j be i(12). What is the highest common divisor of 15 and j?
15
Let s = 31 - 18. Let z be 0 + 104/((-1)/(-1)). Calculate the highest common divisor of z and s.
13
Suppose 3*p - 2*h - 5 = 4*p, 0 = 2*p - h + 5. Let b be (-56)/4*(p - -1). Suppose 0 = -0*s - s + b. What is the greatest common factor of s and 4?
4
Let h be 9/(-6)*124/(-6). Suppose h = 2*r + 7. Calculate the greatest common factor of 4 and r.
4
Suppose b = f - 0*b - 14, 4*b - 4 = -f. What is the greatest common divisor of 96 and f?
12
Let j(k) = -17 + 118 + k + 29 + 0. Let f be j(0). Let q = 247 - f. What is the highest common factor of 13 and q?
13
Let d = 96 + 83. Suppose d = 4*g - 205. Calculate the highest common divisor of g and 12.
12
Suppose -5*l + 88 = 4*u, 3*u - 63 - 30 = 3*l. Calculate the highest common factor of 243 and u.
27
Suppose -i - 25 = -6*i. Suppose t = -i*c - t + 210, 4*c = 2*t + 168. What is the greatest common factor of c and 28?
14
Let m(y) = y**2 - 2*y + 4. Let o be m(0). What is the highest common divisor of 8 and o?
4
Let f(n) = n**3 + 4*n**2 + 2*n - 1. Let z be f(-3). Let p(i) = -i**2 - 4*i. Let u be p(-3). What is the greatest common divisor of u and z?
1
Suppose 0*h + 2*h - 22 = -2*g, -2*h = g - 13. Calculate the greatest common divisor of 144 and g.
9
Let u be -176*(1/(-2) - 0). Suppose 19 = 3*n - 5. Calculate the greatest common factor of n and u.
8
Let b(g) = 3*g + 67. Let a be b(-21). Calculate the greatest common factor of a and 44.
4
Suppose -2*l + 116 - 20 = 0. Let v be (3*(-6)/(-10))/(96/640). What is the greatest common factor of v and l?
12
Let f = -90 + 138. Suppose -2*a = 6 - 2. Let j be 6 + -2 - a - 0. What is the highest common factor of f and j?
6
Suppose 4*i = 2*v + 2*v - 28, 3*i = 2*v - 13. Suppose 15 = t - 4*c, -3*t + 4*c = -v*t + 27. Calculate the highest common divisor of t and 21.
7
Let w = 10 + -16. Let t = -5 - w. Suppose 5 = 2*d - 9. What is the greatest common divisor of d and t?
1
Suppose 0*p = -p + 3, -5*k + p = -132. Calculate the highest common divisor of 189 and k.
27
Suppose 0*t - 62 = -t - 2*s, 4*s = t - 32. Calculate the highest common divisor of 4 and t.
4
Suppose -37 = -3*r - 3*x + 2, 2*x - 48 = -4*r. Let b = 6 + -1. Suppose 206 = b*n + 41. Calculate the greatest common divisor of n and r.
11
Suppose -2*s + 140 = -0*s. Suppose -4*i = i - s. What is the highest common factor of 70 and i?
14
Let f(x) = -3*x - 2. Let h be f(-2). Suppose -h = -r - r. Suppose -r*m = -3*p - 23, 0*m = -3*m - p + 29. Calculate the greatest common divisor of m and 5.
5
Let b(l) = 4*l + 14. Let w be b(9). Let u(r) = 21*r - 1. Let z be u(6). Calculate the greatest common divisor of w and z.
25
Let v(d) be the first derivative of -11*d**4/4 - d**2/2 - d - 4. Let t be v(-1). What is the highest common divisor of 11 and t?
11
Suppose 5*j + 209 = 4*n, -2*n = 2*j - 73 - 9. Calculate the greatest common divisor of n and 69.
23
Let g = -45 - -85. Let i = 8 - 6. Let v be 0 - i - g/(-2). What is the greatest common divisor of 6 and v?
6
Suppose 12*a = 7*a + 1240. Calculate the greatest common divisor of 31 and a.
31
Suppose -f = 5*r - 0*f - 28, 3*r + f = 18. Suppose 60 = r*u - 35. What is the greatest common divisor of 95 and u?
19
Suppose -3*h = -10*h + 280. What is the highest common divisor of 160 and h?
40
Let a be (-8)/24*54/(-2). Let r be 2/a + (-25)/(-9). What is the highest common factor of 6 and r?
3
Let l(h) = -h**3 + 8*h**2 - 2*h + 9. Let f be l(8). Let g be 2/(-7) - 114/f. Let p = g + -5. Calculate the greatest common factor of p and 1.
1
Let h = -5 + 1. Let u = 36 - h. Calculate the highest common divisor of u and 8.
8
Let n(u) = 37*u**2. Let m be n(-1). Suppose -5*x = 3*y - m - 116, -2*y - x = -109. What is the greatest common factor of 14 and y?
14
Suppose -3*y - u = -2*y - 6, 0 = -2*y - 3*u + 11. Calculate the greatest common divisor of y and 49.
7
Suppose 0*x - 3*u = 2*x + 2, 2*x = u + 14. Suppose 4*t - 105 = -x*z, -t = -2*t - z + 27. What is the highest common factor of 15 and t?
15
Let i(o) = 22*o + 5. Let m be i(10). Calculate the highest common factor of m and 25.
25
Let w(r) = r**2 - 8*r - 9. Let o be w(9). Let a be o - 3 - 12/(-2). Suppose 0 = -a*t + 4*t - 104. What is the highest common factor of t and 13?
13
Let u = 11 - 8. Suppose -w - 393 = -4*m, 4*m - u*w - 68 = 327. Suppose 29 - 1 = 2*k. What is the greatest common factor of k and m?
14
Suppose 4*y + 0*y - 392 = 0. Calculate the highest common divisor of y and 14.
14
Suppose c + m = 32, 0 = c - 2*m + 5*m - 24. Calculate the greatest common factor of c and 36.
36
Let m = 4 - 2. Let j be 98 + m/(-2) + 2. Let c be 6 + 2 + 3 + 0. Calculate the highest common factor of j and c.
11
Let f = -2 - -4. Suppose 2*i = -g + 2*g - 14, 3*g - 22 = f*i. Suppose -27 = -2*v + 29. Calculate the highest common divisor of v and g.
4
Suppose -2*s - 12 = 30. Let g = 31 + s. What is the highest common divisor of 4 and g?
2
Suppose 3*o = 6*d - 2*d - 22, 5*o + 25 = 5*d. Suppose -23 - d = -3*w. Calculate the greatest common divisor of w and 40.
10
Let n(s) be the first derivative of 2*s**2 + 2*s - 7. Let m be n(5). Calculate the greatest common divisor of 176 and m.
22
Let i be -6 - -34 - (-1 - -4). What is the highest common divisor of i and 5?
5
Let s(m) = 3*m**2 + 4*m + 2. Let z be s(-2). Suppose 2*v - 18 = 5*h, 3*v = 7*v + 2*h - 12. Calculate the highest common factor of v and z.
2
Let x = 27 + -11. Let y(d) be the second derivative of -7*d**3/2 + d**2/2 - d. Let m be y(-3). What is the greatest common divisor of m and x?
16
Let x be (-8)/(-36) - (-889)/9. Suppose -3*d = -4*d + x. Calculate the highest common divisor of d and 9.
9
Let s = -4 + -1. Suppose 0 = -2*h - 34 - 0. Let g = s - h. What is the greatest common factor of g and 84?
12
Let c be 20*3 + (3 - 7). Calculate the greatest common factor of 84 and c.
28
Suppose 0 = w - 5*z - 72, -2*z - 12 = w - 84. Calculate the greatest common factor of 9 and w.
9
Let z be 3 + 96 + 1 + 0. Calculate the highest common factor of z and 40.
20
Let k(y) = 4*y**2 - 9*y - 3. Let l be k(3). What is the greatest common divisor of l and 33?
3
Let v = 133 + -78. Suppose -2*l + 5*z - 145 = -7*l, 0 = 2*l + 3*z - v. Calculate the highest common divisor of l and 256.
32
Let t(r) = 20*r**2 + 4*r - 2. Let a be t(1). Let m = 127 + -72. Calculate the greatest common factor of a and m.
11
Suppose 3*f = -2 + 8. Let x be 3/((-201)/(-96) - f). What is the highest common factor of 8 and x?
8
Suppose